 g be a(3). Let l = -9 + g. Let z = -61 + 63. What is the greatest common divisor of z and l?
2
Suppose -n - 4185 = -68*n + 22*n. Suppose -310 = -4*a - a + u, -4*a = 3*u - 248. Calculate the highest common factor of a and n.
31
Suppose 0 = 4*r + r - 160. Let q = 179 + -93. Suppose -o = -2*a + q + 38, -236 = -4*a + 5*o. Calculate the highest common factor of a and r.
32
Let v(a) = -a**3 + a - 1. Let o be v(-3). Let n be -2 + 4 + (10/(-12) - 21255/(-234)). What is the highest common divisor of n and o?
23
Suppose -2272 = 25*m - 41*m. Calculate the greatest common factor of 355 and m.
71
Suppose 69*y + 10*y - 3160 = 0. What is the highest common divisor of 128 and y?
8
Let s = 393 + -369. Calculate the greatest common divisor of s and 136.
8
Let w = -807 + 835. Suppose -2*l = 5*u - 558 - 1682, -5*u = 0. Suppose 8*a - l = 3*a. What is the highest common divisor of w and a?
28
Let q be ((-4)/6)/((-2)/144). Let v(d) = -d**2 - 10*d - 9. Let l be v(-6). Let y be 3/((-3)/(-4)) + l + -3. What is the greatest common divisor of y and q?
16
Let d(x) = 4*x + 125. Let p be d(0). What is the greatest common divisor of p and 10?
5
Let f(n) = -3*n**3 - 10*n**2 - 14*n - 25. Let z be f(-7). What is the greatest common factor of z and 34?
34
Suppose 13 = -4*k + 1. Let y be -1 + k - -2 - -23. Let q = -83 + 272. What is the greatest common factor of q and y?
21
Let c(p) = 4*p**2 - 9*p - 3. Let s be c(4). Suppose h = -4, -3*h + 1147 = 4*z - s. Calculate the greatest common divisor of 37 and z.
37
Suppose 0 = 3*k - 7*k + 1080. Calculate the greatest common divisor of 108 and k.
54
Let g(m) = m + 3. Let c be g(-3). Suppose c = 5*v + 1 - 351. Suppose h - 14 = -4. What is the highest common factor of h and v?
10
Suppose 0 = -2*f - 0*f + 8. Suppose h = -f*h. Suppose h = -3*m + 4*x + 34, 8 = -m + 5*x + 1. Calculate the highest common factor of m and 126.
18
Let x(o) = -o**3 - 3*o**2 + 3*o + 6. Let b be (-99)/21 + 6/(-21). Let m be x(b). Suppose -3*j + m = -37. Calculate the greatest common divisor of 182 and j.
26
Let g(c) = c**3 - c**2 + c + 3. Let o be g(0). Suppose o*x - 21 = -3. Let k be ((-20)/(-25))/((-6)/(-315)). Calculate the highest common divisor of x and k.
6
Suppose 0 = 109*z - 104*z - 280. Let i(u) = 8*u**3 + u - 1. Let c be (1/6)/((-6)/(-36)). Let a be i(c). Calculate the highest common divisor of a and z.
8
Let t = 210 + -150. Let z = t - 39. Let a = z - -3. Calculate the highest common divisor of a and 8.
8
Let s(b) = -8 - 16*b**2 + 21*b - 16*b**2 + 31*b**2. Let g be s(14). What is the greatest common factor of 10 and g?
10
Suppose 153 = 5*k + 12*k. Calculate the greatest common divisor of 144 and k.
9
Let m(i) = -4*i - 1. Let o = 4 + 3. Suppose 5*k + 22 = o. Let c be m(k). Calculate the highest common divisor of 22 and c.
11
Suppose 166*n - 15 = 163*n. What is the greatest common factor of n and 10?
5
Suppose 0 = -5*v + v + 108. Let p be (-15)/(-20) + (-174)/8. Let j be 126/(-2)*p/7. Calculate the highest common factor of v and j.
27
Let l = -26 + 28. Suppose i + 5*m = -3*i + 293, -5*i - l*m + 362 = 0. Calculate the greatest common divisor of i and 9.
9
Let s(r) = 3*r + 127. Let c be s(-24). Calculate the greatest common factor of 44 and c.
11
Let v(j) = -j**2 - 6*j + 3. Let s be v(-5). Suppose 3*t = 8*t - 840. Suppose -2*z + t = z. Calculate the highest common divisor of s and z.
8
Suppose 3*m = -0*m - 15, 0 = -5*t + 4*m + 220. Suppose 6*v - t = 68. What is the highest common divisor of v and 18?
18
Let q be 9 - -90*(-12)/(-8). What is the greatest common factor of 112 and q?
16
Let u = -14 - -11. Let q be -2 - (-1 - (18 + u)). Suppose -4*t + 46 = q. Calculate the greatest common factor of 64 and t.
8
Suppose 25*g - 4284 = 15216. What is the greatest common factor of g and 12?
12
Let q(t) = 40*t**2 - t + 1. Let i be q(1). Let g = 43 - 48. Let k be (-8)/10*2*g. What is the highest common divisor of k and i?
8
Let x(s) = -s**3 - 3*s**2 + 6*s. Let m be x(-5). Let w = m + -18. Suppose v = w*r - 16, 4*v - 23 = -3*r + 5*v. What is the greatest common divisor of r and 7?
7
Suppose 0 = 2*y - 1068 + 200. What is the highest common factor of y and 21?
7
Let f(j) be the first derivative of 3*j**2/2 + 1. Let t be f(3). Let v be (-84)/(-252)*-243*(-2 - -1). Calculate the greatest common factor of v and t.
9
Suppose 4*t + 5*i - 7 - 21 = 0, -5*t + 2*i + 35 = 0. Let u(b) = b**2 - 4*b + 2. Let z be u(5). Calculate the greatest common divisor of t and z.
7
Let w(l) = -l**3 - l + 5. Let b be w(0). Suppose -5*x + 2*f + 79 = 0, 3 = -x + 2*f + 22. Let g = x - 10. Calculate the highest common factor of b and g.
5
Let m = 698 - 638. Calculate the highest common factor of m and 144.
12
Let p(d) = 12*d + 8. Let t be p(5). Let b = 86 - t. What is the highest common divisor of 9 and b?
9
Suppose 14*o = 3*o - 66. Let k = 26 + o. Calculate the highest common divisor of 80 and k.
20
Let p(u) = -4*u**2 - 39*u - 13. Let z be p(-11). Let y = z - -86. What is the highest common factor of y and 12?
6
Suppose 181 = 17*f - 295. Calculate the highest common factor of f and 16.
4
Let t be 4*1*6/4. Let q(s) = 13*s**2 - 3*s + 2*s - 3*s - s**3 - 6*s**2. Let o be q(t). Calculate the greatest common factor of o and 12.
12
Suppose 2*g + 4 = -2*g + 4*i, -i - 15 = -5*g. Suppose 31 = g*j + 15. What is the greatest common factor of 6 and j?
2
Let i = 4820 + -2587. What is the highest common factor of 58 and i?
29
Let h(r) = 2*r**2 + 4*r + 9. Let i be h(7). Suppose 2*f + i = 347. Suppose m = a - 36, m + f = 2*a + a. Calculate the greatest common divisor of a and 7.
7
Suppose 0 = 1291*u - 1289*u - 48. Calculate the highest common factor of 552 and u.
24
Suppose 0 = -4*i + 406 - 302. Calculate the highest common factor of 52 and i.
26
Suppose 0 = -5*f - 103 - 197. Let v be -2 + -1 - f/6. Suppose 2*y - 5*u = y + v, -5*y + 56 = -4*u. Calculate the greatest common divisor of y and 6.
6
Let m(u) = 31*u - 3 - 14*u**2 - 13*u + 13 + 14*u - u**3. Let z be m(-16). Calculate the highest common divisor of 4 and z.
2
Suppose -2*k + k = -3*g + 97, 3*g - 98 = 2*k. Let s(d) = -7*d + 279. Let b be s(33). What is the greatest common divisor of g and b?
16
Let o = -34 + 62. Let h = -287 + 399. What is the highest common factor of o and h?
28
Let d(j) = 3*j**2 + 0*j**3 - 2*j**2 + 5*j**2 + 2*j - 9 + j**3. Let p be d(-4). Calculate the greatest common divisor of p and 90.
15
Let a be (7/14)/((-2)/(-596)). Suppose -137 = 4*x - a. Let i = 1 + 0. What is the highest common divisor of i and x?
1
Let a = -98 + 164. Calculate the highest common divisor of 18 and a.
6
Let z(w) = 165*w**2 - 9*w - 15. Let u be z(-2). What is the greatest common factor of u and 13?
13
Suppose -11*d - 12460 = -15*d. What is the highest common factor of 35 and d?
35
Let n(b) = 56*b - 20. Let h be n(7). Calculate the highest common factor of h and 24.
12
Suppose 5*p + 4*w - 134 = -35, -3*p + 3*w + 54 = 0. Let j = 105 + 104. Calculate the highest common factor of j and p.
19
Suppose 2*s + 4*v + 40 = 5*s, 0 = 3*v - 6. Let f be (8/(-6))/((-14)/2520). Suppose 8*h + f = 13*h. Calculate the greatest common factor of h and s.
16
Suppose -447 = -2*k + 5*g, -3*k - 2*g = g - 639. Suppose 0*z = 5*z - 55. Suppose 9*q = z*q - 54. What is the greatest common factor of q and k?
27
Let l(c) = c**3 - 5*c**2 - 4*c - 10. Let u be l(11). Suppose 0 = -o + 7*o - u. What is the highest common divisor of 16 and o?
16
Let t = 1617 - 1602. What is the greatest common factor of t and 35?
5
Let n(v) = 11*v**2 - 10*v**2 + 25*v - 10*v + 31. Let j be n(-14). Calculate the highest common divisor of 187 and j.
17
Suppose o - 11 = -3*d - d, 3*d - 9 = -o. Suppose d*j = -n + 3, j = -2*j. Calculate the greatest common divisor of 21 and n.
3
Suppose -30*o + 32*o + 4 = 0. Let t be o/(((-24)/(-60))/(8/(-5))). What is the greatest common divisor of 16 and t?
8
Suppose 4*r - 19 = -n + 6, 0 = 2*n + 2*r - 32. Let q be (-17)/(68/(-264)) + -2 + 1. What is the highest common factor of n and q?
13
Suppose 132 = -249*g + 251*g. What is the highest common divisor of g and 12?
6
Let k be -576*(1/3)/(31/(-93)). Calculate the greatest common divisor of k and 18.
18
Let u = 0 - -17. Let r = u - -27. Calculate the greatest common divisor of 11 and r.
11
Suppose -4*d - 537 = 61*q - 66*q, -111 = -q + 2*d. Ca